(-44) - 12/66. Calculate the greatest common divisor of o and 189.
63
Let t(q) = -q + 55. Let f be t(20). What is the highest common factor of f and 245?
35
Let j(h) = 95*h + 2. Let p be j(-2). Let n be (2 - p/16)*-4. Let s = n + 86. What is the highest common factor of s and 248?
31
Let m be ((-108)/(-30))/(5/50). Calculate the highest common factor of 45 and m.
9
Suppose 867 = 133*r - 596. Let n = -6 + 303. Calculate the highest common divisor of n and r.
11
Suppose 3*g - 2 + 35 = 0. Let x = g - -15. What is the greatest common divisor of x and 28?
4
Let h be (6/18)/(2/6). Let o be 303/15 + h/(-5). What is the highest common divisor of o and 10?
10
Let x = 957 + -931. Calculate the highest common factor of x and 8.
2
Let h = 466 + -459. Calculate the greatest common divisor of 63 and h.
7
Suppose -c = 11 + 8. Let n = 10 + c. Let a be 30/n*2*-3. What is the greatest common divisor of a and 10?
10
Suppose -147 - 353 = -2*z. Suppose 44 = 2*w - 156. What is the highest common factor of z and w?
50
Let a = 10 + -7. Suppose -140 = t - a*t. Let v be 7/21 + t/6. What is the greatest common factor of 48 and v?
12
Let x(j) = -j**3 - 4*j**2 - 4*j - 15. Suppose -7 = t - 0*t. Let b be x(t). What is the highest common factor of b and 32?
32
Suppose -3*n + 5*x - 33 = -2*n, 0 = 4*n + 5*x + 32. Let g(o) = o**3 + 13*o**2 - 2*o - 14. Let m be g(n). What is the highest common factor of m and 96?
12
Suppose 4*o - 7*o = 15. Let n(f) = -f**3 - 5*f**2 - 6*f + 6. Let p be n(o). Suppose 19 = 6*y - 17. What is the highest common divisor of y and p?
6
Let j be ((-4)/(-10))/(3/15). Suppose -3*v + j*v = -7. Let s be (-1 + 0)*1*-77. What is the highest common divisor of s and v?
7
Let b(v) = -41 - 8*v - 6*v**3 + 20 + 19 + 0*v**3. Let h be b(-3). What is the greatest common factor of h and 46?
46
Let u = -9 + 11. Suppose 0*v + 2*v - u = 0. What is the greatest common divisor of 4 and v?
1
Let k(w) = -w**2 - 18*w + 40. Let c be k(-18). What is the highest common divisor of c and 50?
10
Suppose -53*c = 5*c - 2552. Calculate the highest common factor of c and 704.
44
Suppose -3*d = 5*w + 24, 3 = 2*w - 0*d - 3*d. Let g be (-6)/18 + (-151)/w. Suppose -2*u = -16 - 4. Calculate the highest common divisor of g and u.
10
Let z = -983 - -1034. Calculate the highest common divisor of 34 and z.
17
Let w(l) = 3*l - 51. Let t be w(25). What is the highest common divisor of t and 128?
8
Suppose -13*s + 169 + 91 = 0. Suppose -b - 26 - 242 = -3*a, -2*a + 184 = 2*b. Calculate the highest common factor of s and a.
10
Let q(d) be the first derivative of -d**3/2 - 6*d - 1. Let m(o) be the first derivative of q(o). Let g be m(-5). What is the greatest common factor of 30 and g?
15
Let z(j) = j**3 - 14*j**2 + 28*j - 42. Let b be z(12). What is the greatest common factor of b and 144?
6
Let w = -1206 + 1230. What is the highest common divisor of w and 1560?
24
Suppose 278*h = 272*h + 528. Calculate the greatest common factor of 16 and h.
8
Suppose 3*k + 4 = 4*k - 4*o, k + 3 = -3*o. Suppose 0 = -4*i - 2*h + 32, 2*i + h + 2*h - 8 = k. Calculate the greatest common factor of 40 and i.
10
Let t(h) = h**2 - 9*h - 126. Let b be t(-9). What is the greatest common divisor of b and 12?
12
Let o be 5*-3*(4 - 7). Let x = 19 + 4. Let u = x + -5. Calculate the highest common factor of u and o.
9
Let d(f) be the first derivative of 20*f**3/3 + f**2/2 - f - 10. Let u be d(-4). What is the greatest common factor of 35 and u?
35
Suppose 3*x - 45 - 18 = 0. Calculate the highest common divisor of x and 63.
21
Let h(u) = -u**3 - 2*u**2 - u + 3. Let b be h(-2). Suppose -b*t = -3*v - 3, 4*t - 4 = 3*v - v. What is the greatest common factor of 36 and v?
4
Let n be 8/(-44) + (-262)/11. Let x = 48 + n. Calculate the greatest common factor of x and 192.
24
Let a(z) = z**3 - 5*z**2 + 8*z - 9. Let p be a(4). Suppose -p*h + 99 = -8*h. Let t = -59 - h. Calculate the highest common factor of t and 8.
8
Let q(x) = x**2 + 5*x + 34. Let z be q(-6). Calculate the greatest common factor of z and 35.
5
Let r(m) = -5*m + 23. Let v be r(4). What is the greatest common factor of 6 and v?
3
Let q = 23 - 16. Suppose 104 + 22 = q*g. Suppose -77 = -n + 49. What is the highest common divisor of n and g?
18
Suppose 17 = 4*j + p, -4*p = -2*j + 5*j - 3. Suppose 2*a + j = 11, -2*q = 3*a - 41. Suppose -b + 120 = 4*b. What is the highest common factor of b and q?
8
Suppose 0 = -17*w + 21*w - 8. Suppose 2*j + 132 = 5*u, -5*j = w*u + u - 73. What is the greatest common factor of u and 13?
13
Let d(f) = -32*f**3 - 2*f**2 + 3*f + 11. Let o be d(-2). What is the highest common factor of 33 and o?
11
Suppose 0 = -0*f + 4*f + 20, 0 = z - f - 7. Suppose -3*l + 278 = 2*l + z*s, 0 = 3*l - s - 158. What is the highest common factor of l and 36?
18
Suppose 58*r = 65*r - 910. What is the highest common divisor of r and 156?
26
Let n(d) = 20*d + 528. Let v be n(6). What is the greatest common factor of v and 16?
8
Suppose -57 = -t + 5*u, -5*t + u = -90 - 75. Calculate the greatest common factor of t and 144.
16
Let i = 2799 - 1282. What is the highest common divisor of 41 and i?
41
Let s be (-8)/(-5 + 1) - (1 - 0). Let h be (8/((-24)/15))/(s/(-18)). Calculate the highest common divisor of h and 10.
10
Let v(b) = 5*b**2 - 91*b + 19. Let a be v(18). Let n(r) = -10*r + 18*r + 13*r + 1. Let i be n(a). Calculate the greatest common divisor of i and 110.
22
Let i(q) = -q**3 - 40*q**2 - 40*q - 15. Let b be i(-39). What is the greatest common factor of b and 192?
24
Let r = -526 + 530. Calculate the highest common factor of 2 and r.
2
Suppose -5*n - 14 - 1 = -5*f, 3*n + 3*f = -3. Let g be 7*1 - n/(-7 + 5). What is the greatest common divisor of g and 54?
6
Suppose 2*v + 108 = 150. Suppose -v*o + 24*o = 39. What is the greatest common factor of o and 1?
1
Let h = -199 - 73. Let l be h/(-32)*(-1 + 3). What is the highest common factor of l and 289?
17
Let b(c) = -2*c**2 + 43*c + 5. Let s be b(23). Let r = s + 88. Let z(j) = -j**3 - 2*j**2 + 8*j. Let y be z(-6). What is the greatest common divisor of y and r?
24
Let d(v) = 75*v. Let l be d(1). Let p = -9 - -21. Let o be (p + -14)/((-2)/15). Calculate the greatest common factor of l and o.
15
Let h be 1 + (2 - -13)*8. Let m be 6/10 - (-520)/50. Calculate the highest common divisor of m and h.
11
Let r(q) = 8*q - 1. Let a be r(-10). Let p = a - -121. Let x = -20 + p. Calculate the highest common factor of 4 and x.
4
Suppose g = 4*r + 11, 5*r - 5*g = -3*g - 13. Let i be (-44)/(-6)*9 + r. Calculate the greatest common divisor of i and 9.
9
Let l(s) = -s**3 - s**2 - s + 14. Let q be l(0). Calculate the greatest common factor of 322 and q.
14
Let c = 16 - 11. Let d(l) = 5*l. Let k be d(c). Suppose 0 = -x + k - 7. Calculate the greatest common factor of 27 and x.
9
Suppose 0 = 16*i + 3*i - 418. What is the highest common factor of 660 and i?
22
Let r(x) = x - 2. Let f be r(5). Let z be 7*(38/(-14) + f). Suppose -s = 4*d - 253, -z*s + 61 = d - s. Calculate the highest common factor of d and 16.
16
Suppose -z = 3*q - 346, -507 - 1199 = -5*z - 3*q. Let r = -1 + 3. Suppose -7*d = -r*d - z. What is the highest common divisor of d and 17?
17
Suppose -56 = -j - 4*q, j + 0*q = 5*q + 92. Suppose 0 = 2*w - 5*m - 22 - 25, 2*w = -3*m + 87. Calculate the greatest common divisor of w and j.
36
Let c = 12 + -10. Suppose 0 = -c*b + 9 + 3. Suppose -h = -b*h + 35. Calculate the highest common divisor of h and 63.
7
Suppose -56 = -3*m + m + 5*t, -2 = -t. What is the highest common divisor of m and 2211?
33
Let l be 3/27 + (-54688)/(-288). Calculate the highest common factor of l and 114.
38
Let v = -6648 - -9813. Let m be -1 + v/21 - 4/(-14). What is the greatest common factor of 60 and m?
30
Let y = 65 + -101. Let k = -34 - y. Calculate the highest common factor of 18 and k.
2
Suppose -h - 39*v + 26 = -37*v, -2*h - v = -61. What is the highest common divisor of h and 76?
4
Suppose q - 5*w + 17 = 0, -3*q = -q - 4*w + 16. Let a be (-24)/(-1)*(-1)/q. Let t = 136 + -52. Calculate the greatest common factor of a and t.
12
Let d(h) = -107*h - 8. Let f(k) = 106*k + 7. Let t(r) = -6*d(r) - 7*f(r). Suppose -2 = -q - 3. Let x be t(q). What is the highest common divisor of 9 and x?
9
Suppose -s = 74 - 497. Suppose 2*l + 2911 = 6*l - 3*x, -5*x = 2*l - 